{"id":172,"date":"2022-05-27T09:03:53","date_gmt":"2022-05-27T09:03:53","guid":{"rendered":"https:\/\/karl-schubert-kindergarten.at\/?page_id=172"},"modified":"2022-05-29T16:36:53","modified_gmt":"2022-05-29T16:36:53","slug":"rudolf-steiner","status":"publish","type":"page","link":"https:\/\/karl-schubert-kindergarten.at\/en\/rudolf-steiner\/","title":{"rendered":"Rudolf Steiner"},"content":{"rendered":"\t\t<div data-elementor-type=\"wp-page\" data-elementor-id=\"172\" class=\"elementor elementor-172\" data-elementor-post-type=\"page\">\n\t\t\t\t\t\t<section class=\"elementor-section elementor-top-section elementor-element elementor-element-126d2643 elementor-section-height-min-height elementor-section-items-stretch elementor-section-full_width elementor-section-height-default\" data-id=\"126d2643\" data-element_type=\"section\" data-e-type=\"section\" id=\"top\">\n\t\t\t\t\t\t<div class=\"elementor-container elementor-column-gap-default\">\n\t\t\t\t\t<div class=\"elementor-column elementor-col-100 elementor-top-column elementor-element elementor-element-649bfc82\" data-id=\"649bfc82\" data-element_type=\"column\" data-e-type=\"column\" data-settings=\"{&quot;background_background&quot;:&quot;classic&quot;}\">\n\t\t\t<div class=\"elementor-widget-wrap\">\n\t\t\t\t\t\t\t<\/div>\n\t\t<\/div>\n\t\t\t\t\t<\/div>\n\t\t<\/section>\n\t\t\t\t<section class=\"elementor-section elementor-top-section elementor-element elementor-element-4a21c94a elementor-section-content-middle elementor-reverse-tablet elementor-reverse-mobile elementor-section-height-min-height elementor-section-items-top elementor-section-full_width elementor-section-height-default\" data-id=\"4a21c94a\" data-element_type=\"section\" data-e-type=\"section\" id=\"Heileurythmie\">\n\t\t\t\t\t\t<div class=\"elementor-container elementor-column-gap-default\">\n\t\t\t\t\t<div class=\"elementor-column elementor-col-50 elementor-top-column elementor-element elementor-element-2b314c8d\" data-id=\"2b314c8d\" data-element_type=\"column\" data-e-type=\"column\" data-settings=\"{&quot;background_background&quot;:&quot;classic&quot;,&quot;motion_fx_motion_fx_scrolling&quot;:&quot;yes&quot;,&quot;motion_fx_range&quot;:&quot;page&quot;,&quot;motion_fx_translateX_effect&quot;:&quot;yes&quot;,&quot;motion_fx_translateX_direction&quot;:&quot;negative&quot;,&quot;motion_fx_translateX_speed&quot;:{&quot;unit&quot;:&quot;px&quot;,&quot;size&quot;:0.5,&quot;sizes&quot;:[]},&quot;motion_fx_translateX_affectedRange&quot;:{&quot;unit&quot;:&quot;%&quot;,&quot;size&quot;:&quot;&quot;,&quot;sizes&quot;:{&quot;start&quot;:0,&quot;end&quot;:100}},&quot;motion_fx_devices&quot;:[&quot;desktop&quot;,&quot;tablet&quot;,&quot;mobile&quot;]}\">\n\t\t\t<div class=\"elementor-widget-wrap elementor-element-populated\">\n\t\t\t\t\t\t<div class=\"elementor-element elementor-element-7117825a elementor-widget elementor-widget-image\" data-id=\"7117825a\" data-element_type=\"widget\" data-e-type=\"widget\" data-widget_type=\"image.default\">\n\t\t\t\t<div class=\"elementor-widget-container\">\n\t\t\t\t\t\t\t\t\t\t\t\t\t\t\t<img fetchpriority=\"high\" decoding=\"async\" width=\"370\" height=\"370\" src=\"https:\/\/karl-schubert-kindergarten.at\/wp-content\/uploads\/2022\/05\/steiner_web.jpg\" class=\"attachment-full size-full wp-image-64\" alt=\"\" srcset=\"https:\/\/karl-schubert-kindergarten.at\/wp-content\/uploads\/2022\/05\/steiner_web.jpg 370w, https:\/\/karl-schubert-kindergarten.at\/wp-content\/uploads\/2022\/05\/steiner_web-300x300.jpg 300w, https:\/\/karl-schubert-kindergarten.at\/wp-content\/uploads\/2022\/05\/steiner_web-150x150.jpg 150w\" sizes=\"(max-width: 370px) 100vw, 370px\" \/>\t\t\t\t\t\t\t\t\t\t\t\t\t\t\t<\/div>\n\t\t\t\t<\/div>\n\t\t\t\t\t<\/div>\n\t\t<\/div>\n\t\t\t\t<div class=\"elementor-column elementor-col-50 elementor-top-column elementor-element elementor-element-56d9e741\" data-id=\"56d9e741\" data-element_type=\"column\" data-e-type=\"column\">\n\t\t\t<div class=\"elementor-widget-wrap elementor-element-populated\">\n\t\t\t\t\t\t<div class=\"elementor-element elementor-element-cd5d97a elementor-widget elementor-widget-heading\" data-id=\"cd5d97a\" data-element_type=\"widget\" data-e-type=\"widget\" data-widget_type=\"heading.default\">\n\t\t\t\t<div class=\"elementor-widget-container\">\n\t\t\t\t\t<h2 class=\"elementor-heading-title elementor-size-default\">Rudolf Steiner<\/h2>\t\t\t\t<\/div>\n\t\t\t\t<\/div>\n\t\t\t\t<div class=\"elementor-element elementor-element-747f24bf elementor-widget elementor-widget-text-editor\" data-id=\"747f24bf\" data-element_type=\"widget\" data-e-type=\"widget\" data-widget_type=\"text-editor.default\">\n\t\t\t\t<div class=\"elementor-widget-container\">\n\t\t\t\t\t\t\t\t\t<p>Schon als Kind begegnete Rudolf Steiner (1861-1926) dem behinderten Menschen: Sein Bruder Gustav, geb. 1866 in Pottschach, war geh\u00f6rlos. Dort, wo der Vater eine Station der Semmeringbahn leitete, kam oft zur Ankunft der Z\u00fcge ein hydrozephaler, etwa 30-j\u00e4hriger Mann auf Kr\u00fccken, der sich gerne mit dem damals 5-j\u00e4hrigen Rudolf unterhielt.<\/p><p>1884, als Rudolf Steiner in Wien studierte, finanzierte er sein Studium als Hauslehrer bei der Familie Specht, wo ihm v.a. die Beschulung des \u201eunbeschulbaren\u201c Otto anvertraut wurde, der an einem Hydrozephalus litt. Otto entwickelte sich unter Steiners p\u00e4dagogischer F\u00fchrung so weit, dass er nach einiger Zeit die Volksschule besuchen konnte, dann auf das Gymnasium \u00fcberwechselte und nach bestandener Matura Medizin studierte. Er wurde Facharzt f\u00fcr Dermatologie.<\/p><p><em>Ich muss dem Schicksal daf\u00fcr dankbar sein, dass es mich in ein solches Lebensverh\u00e4ltnis gebracht hat. Denn ich erwarb mir dadurch auf lebendige Art eine Erkenntnis der Menschenwesenheit, von der ich glaube, dass sie so lebendig auf einem anderen Wege von mir nicht erworben h\u00e4tte werden k\u00f6nnen.\u00a0<br \/><\/em>(R. Steiner,\u00a0<em>Mein Lebensgang<\/em>)<\/p><p>Seit dieser Wiener Studienzeit besch\u00e4ftigte Steiner die Frage nach dem Zusammenhang von Geist, Seele und Leib.<\/p>\t\t\t\t\t\t\t\t<\/div>\n\t\t\t\t<\/div>\n\t\t\t\t\t<\/div>\n\t\t<\/div>\n\t\t\t\t\t<\/div>\n\t\t<\/section>\n\t\t\t\t<\/div>\n\t\t","protected":false},"excerpt":{"rendered":"<p>Rudolf Steiner Schon als Kind begegnete Rudolf Steiner (1861-1926) dem behinderten Menschen: Sein Bruder Gustav, geb. 1866 in Pottschach, war geh\u00f6rlos. Dort, wo der Vater eine Station der Semmeringbahn leitete, kam oft zur Ankunft der Z\u00fcge ein hydrozephaler, etwa 30-j\u00e4hriger Mann auf Kr\u00fccken, der sich gerne mit dem damals 5-j\u00e4hrigen Rudolf unterhielt. 1884, als Rudolf [&hellip;]<\/p>\n","protected":false},"author":1,"featured_media":0,"parent":0,"menu_order":0,"comment_status":"closed","ping_status":"closed","template":"","meta":{"footnotes":""},"class_list":["post-172","page","type-page","status-publish","hentry"],"_links":{"self":[{"href":"https:\/\/karl-schubert-kindergarten.at\/en\/wp-json\/wp\/v2\/pages\/172","targetHints":{"allow":["GET"]}}],"collection":[{"href":"https:\/\/karl-schubert-kindergarten.at\/en\/wp-json\/wp\/v2\/pages"}],"about":[{"href":"https:\/\/karl-schubert-kindergarten.at\/en\/wp-json\/wp\/v2\/types\/page"}],"author":[{"embeddable":true,"href":"https:\/\/karl-schubert-kindergarten.at\/en\/wp-json\/wp\/v2\/users\/1"}],"replies":[{"embeddable":true,"href":"https:\/\/karl-schubert-kindergarten.at\/en\/wp-json\/wp\/v2\/comments?post=172"}],"version-history":[{"count":7,"href":"https:\/\/karl-schubert-kindergarten.at\/en\/wp-json\/wp\/v2\/pages\/172\/revisions"}],"predecessor-version":[{"id":435,"href":"https:\/\/karl-schubert-kindergarten.at\/en\/wp-json\/wp\/v2\/pages\/172\/revisions\/435"}],"wp:attachment":[{"href":"https:\/\/karl-schubert-kindergarten.at\/en\/wp-json\/wp\/v2\/media?parent=172"}],"curies":[{"name":"wp","href":"https:\/\/api.w.org\/{rel}","templated":true}]}}

<div data-elementor-type="wp-page" data-elementor-id="172" class="elementor elementor-172" data-elementor-post-type="page">
						<section class="elementor-section elementor-top-section elementor-element elementor-element-126d2643 elementor-section-height-min-height elementor-section-items-stretch elementor-section-full_width elementor-section-height-default" data-id="126d2643" data-element_type="section" data-e-type="section" id="top">
						<div class="elementor-container elementor-column-gap-default">
					<div class="elementor-column elementor-col-100 elementor-top-column elementor-element elementor-element-649bfc82" data-id="649bfc82" data-element_type="column" data-e-type="column" data-settings="{&quot;background_background&quot;:&quot;classic&quot;}">
			<div class="elementor-widget-wrap">
							</div>
		</div>
					</div>
		</section>
				<section class="elementor-section elementor-top-section elementor-element elementor-element-4a21c94a elementor-section-content-middle elementor-reverse-tablet elementor-reverse-mobile elementor-section-height-min-height elementor-section-items-top elementor-section-full_width elementor-section-height-default" data-id="4a21c94a" data-element_type="section" data-e-type="section" id="Heileurythmie">
						<div class="elementor-container elementor-column-gap-default">
					<div class="elementor-column elementor-col-50 elementor-top-column elementor-element elementor-element-2b314c8d" data-id="2b314c8d" data-element_type="column" data-e-type="column" data-settings="{&quot;background_background&quot;:&quot;classic&quot;,&quot;motion_fx_motion_fx_scrolling&quot;:&quot;yes&quot;,&quot;motion_fx_range&quot;:&quot;page&quot;,&quot;motion_fx_translateX_effect&quot;:&quot;yes&quot;,&quot;motion_fx_translateX_direction&quot;:&quot;negative&quot;,&quot;motion_fx_translateX_speed&quot;:{&quot;unit&quot;:&quot;px&quot;,&quot;size&quot;:0.5,&quot;sizes&quot;:[]},&quot;motion_fx_translateX_affectedRange&quot;:{&quot;unit&quot;:&quot;%&quot;,&quot;size&quot;:&quot;&quot;,&quot;sizes&quot;:{&quot;start&quot;:0,&quot;end&quot;:100}},&quot;motion_fx_devices&quot;:[&quot;desktop&quot;,&quot;tablet&quot;,&quot;mobile&quot;]}">
			<div class="elementor-widget-wrap elementor-element-populated">
						<div class="elementor-element elementor-element-7117825a elementor-widget elementor-widget-image" data-id="7117825a" data-element_type="widget" data-e-type="widget" data-widget_type="image.default">
				<div class="elementor-widget-container">
															<img fetchpriority="high" decoding="async" width="370" height="370" src="https://karl-schubert-kindergarten.at/wp-content/uploads/2022/05/steiner_web.jpg" class="attachment-full size-full wp-image-64" alt="" srcset="https://karl-schubert-kindergarten.at/wp-content/uploads/2022/05/steiner_web.jpg 370w, https://karl-schubert-kindergarten.at/wp-content/uploads/2022/05/steiner_web-300x300.jpg 300w, https://karl-schubert-kindergarten.at/wp-content/uploads/2022/05/steiner_web-150x150.jpg 150w" sizes="(max-width: 370px) 100vw, 370px" />															</div>
				</div>
					</div>
		</div>
				<div class="elementor-column elementor-col-50 elementor-top-column elementor-element elementor-element-56d9e741" data-id="56d9e741" data-element_type="column" data-e-type="column">
			<div class="elementor-widget-wrap elementor-element-populated">
						<div class="elementor-element elementor-element-cd5d97a elementor-widget elementor-widget-heading" data-id="cd5d97a" data-element_type="widget" data-e-type="widget" data-widget_type="heading.default">
				<div class="elementor-widget-container">
					<h2 class="elementor-heading-title elementor-size-default">Rudolf Steiner</h2>				</div>
				</div>
				<div class="elementor-element elementor-element-747f24bf elementor-widget elementor-widget-text-editor" data-id="747f24bf" data-element_type="widget" data-e-type="widget" data-widget_type="text-editor.default">
				<div class="elementor-widget-container">
									<p>Schon als Kind begegnete Rudolf Steiner (1861-1926) dem behinderten Menschen: Sein Bruder Gustav, geb. 1866 in Pottschach, war gehörlos. Dort, wo der Vater eine Station der Semmeringbahn leitete, kam oft zur Ankunft der Züge ein hydrozephaler, etwa 30-jähriger Mann auf Krücken, der sich gerne mit dem damals 5-jährigen Rudolf unterhielt.</p><p>1884, als Rudolf Steiner in Wien studierte, finanzierte er sein Studium als Hauslehrer bei der Familie Specht, wo ihm v.a. die Beschulung des „unbeschulbaren“ Otto anvertraut wurde, der an einem Hydrozephalus litt. Otto entwickelte sich unter Steiners pädagogischer Führung so weit, dass er nach einiger Zeit die Volksschule besuchen konnte, dann auf das Gymnasium überwechselte und nach bestandener Matura Medizin studierte. Er wurde Facharzt für Dermatologie.</p><p><em>Ich muss dem Schicksal dafür dankbar sein, dass es mich in ein solches Lebensverhältnis gebracht hat. Denn ich erwarb mir dadurch auf lebendige Art eine Erkenntnis der Menschenwesenheit, von der ich glaube, dass sie so lebendig auf einem anderen Wege von mir nicht erworben hätte werden können. <br /></em>(R. Steiner, <em>Mein Lebensgang</em>)</p><p>Seit dieser Wiener Studienzeit beschäftigte Steiner die Frage nach dem Zusammenhang von Geist, Seele und Leib.</p>								</div>
				</div>
					</div>
		</div>
					</div>
		</section>
				</div>

<p>Rudolf Steiner Schon als Kind begegnete Rudolf Steiner (1861-1926) dem behinderten Menschen: Sein Bruder Gustav, geb. 1866 in Pottschach, war gehörlos. Dort, wo der Vater eine Station der Semmeringbahn leitete, kam oft zur Ankunft der Züge ein hydrozephaler, etwa 30-jähriger Mann auf Krücken, der sich gerne mit dem damals 5-jährigen Rudolf unterhielt. 1884, als Rudolf [&hellip;]</p>
